{"id":2,"date":"2016-05-10T03:48:21","date_gmt":"2016-05-10T03:48:21","guid":{"rendered":"http:\/\/test.bergschaft.ch\/?page_id=2"},"modified":"2023-05-01T17:10:41","modified_gmt":"2023-05-01T17:10:41","slug":"sample-page","status":"publish","type":"page","link":"https:\/\/www.helen-jonas.ch\/","title":{"rendered":"Ohne Titel"},"content":{"rendered":"\n<p class=\"first_fig_caption\">Frisch verlobt und immer no gliich verliebt &#x1f495; uf de Maies\u00e4ss oberhalb vo Somvix. \u00dcbrigens isch das au d\u00f6t wo mir vor dr\u00fc Johr z\u00e4m\u00e4cho sind.<\/p>\n\n\n\n<div style=\"height:100px\" aria-hidden=\"true\" class=\"wp-block-spacer\"><\/div>\n\n\n\n<p>Wir heiraten &#x1f48d; dich\u2026 \u00e4h\u2026 mit dir\u2026 \u00e4h\u2026 schaut einfach zu\u2026 \u00e4h\u2026 was auch immer: du bist herzlich eingeladen! &#x1f389;<\/p>\n\n\n\n<div style=\"height:100px\" aria-hidden=\"true\" class=\"wp-block-spacer\"><\/div>\n\n\n\n<h2>\u00dcber uns<\/h2>\n\n\n\n<p>Du kennst uns ja bereits, sonst w\u00e4rst du nicht eingeladen &#x1f618;. Damit alle etwas spannendes \u00fcber uns erfahren, musst du am Ende der Seite eine Anekdote \u00fcber unsere Freundschaft schreiben.<\/p>\n\n\n\n<figure class=\"wp-block-image size-large\"><img decoding=\"async\" loading=\"lazy\" width=\"1024\" height=\"743\" src=\"https:\/\/www.helen-jonas.ch\/wp-content\/uploads\/2023\/02\/bildli-03-1024x743.png\" alt=\"\" class=\"wp-image-135\" srcset=\"https:\/\/www.helen-jonas.ch\/wp-content\/uploads\/2023\/02\/bildli-03-1024x743.png 1024w, https:\/\/www.helen-jonas.ch\/wp-content\/uploads\/2023\/02\/bildli-03-300x218.png 300w, https:\/\/www.helen-jonas.ch\/wp-content\/uploads\/2023\/02\/bildli-03-768x557.png 768w, https:\/\/www.helen-jonas.ch\/wp-content\/uploads\/2023\/02\/bildli-03.png 1056w\" sizes=\"(max-width: 1024px) 100vw, 1024px\" \/><figcaption class=\"wp-element-caption\">Mir gn\u00fcssed d Zweisamkeit i de Berge und tanked viel Energie vo dert.<\/figcaption><\/figure>\n\n\n\n<p>Jaja, okey, ein paar S\u00e4tze schreiben wir zu uns: Kennengelernt haben wir uns im Maschinenbaustudium, in der Vorlesung Engineering Design Optimization &#8211; wenn dir das nichts sagt, geht es dir gleich wie Helen. Zum Gl\u00fcck war Joans da, um alles zu erkl\u00e4ren &#x1f913;.<\/p>\n\n\n\n<p>Nach sporadischem gemeinsamen Klettern, ein paar Dramen auf beiden Seiten und den gemeinsamen Lagern bei Mountainscouts hat es dann (endlich auch bei Jonas) gefunkt &#x1f386;.<\/p>\n\n\n\n<p>Frisch verliebt haben wir alle m\u00f6glichen Berge erklommen. Ob mit Ski, zu Fuss oder kletternd konnten wir ereignisreiche Touren, mal mehr, mal weniger verliebt &#x1faf6; und mal mehr, mal weniger an Helen&#8217;s Limit &#x1f979;, begehen.<\/p>\n\n\n\n<p>Nach dem wir uns beide f\u00fcr eine Hochzeit entschieden haben, hat Jonas einen wunderbaren Antrag gemacht &#x1f48e; wozu sich Helen bedankt hat &#8230; \u00e4h &#8230; ja gesagt hat &#x1f498;.<\/p>\n\n\n\n<p>Nun leben wir gl\u00fccklich und immer noch verliebt, seit \u00fcber zweieinhalb Jahren in unserem trauten Heim &#x1f3e1; und freuen uns auf die Hochzeit mit dir &#x1f470;&#x1f3fc;&#x200d;&#x2640;&#xfe0f;&#x1f935;&#x1f3fc;.<\/p>\n\n\n\n<div style=\"height:100px\" aria-hidden=\"true\" class=\"wp-block-spacer\"><\/div>\n\n\n\n<h2>Standesamt<\/h2>\n\n\n\n<p><strong>Wann?<\/strong> 1. Juni 2023, Trauung um 14.00 Uhr, danach begr\u00fcssen wir euch beim Ap\u00e9ro bis 17.00 Uhr &#x1f388;<br><strong>Wo? <\/strong><a href=\"https:\/\/www.google.com\/maps\/place\/Heritage+Museum+(in+Lindengut)\/@47.5001109,8.7346732,19.71z\/data=!4m6!3m5!1s0x479a9984b313b817:0xd7e0566f3eb459a1!8m2!3d47.5001611!4d8.7349738!16s%2Fg%2F1hb_dmbms?coh=164777&amp;entry=tt\" target=\"_blank\" rel=\"noreferrer noopener\">Museum Lindengut, V\u00f6gelipark Winterthur<\/a><\/p>\n\n\n\n<p>Wenn du zum Ap\u00e9ro eingeladen bist, melde dich bitte bei uns an oder ab. Eine kurze Nachricht ist ausreichend.<\/p>\n\n\n\n<figure class=\"wp-block-image size-large\"><img decoding=\"async\" loading=\"lazy\" width=\"1024\" height=\"743\" src=\"https:\/\/helen-jonas.ch\/wp-content\/uploads\/2023\/02\/bildli-07-1024x743.png\" alt=\"\" class=\"wp-image-59\" srcset=\"https:\/\/www.helen-jonas.ch\/wp-content\/uploads\/2023\/02\/bildli-07-1024x743.png 1024w, https:\/\/www.helen-jonas.ch\/wp-content\/uploads\/2023\/02\/bildli-07-300x218.png 300w, https:\/\/www.helen-jonas.ch\/wp-content\/uploads\/2023\/02\/bildli-07-768x557.png 768w, https:\/\/www.helen-jonas.ch\/wp-content\/uploads\/2023\/02\/bildli-07.png 1056w\" sizes=\"(max-width: 1024px) 100vw, 1024px\" \/><figcaption class=\"wp-element-caption\">Iiis chalt in Norwege &#x1f976;, def\u00fcr hemmer eus zum \u00fcs w\u00e4rme &#x1f525;.<\/figcaption><\/figure>\n\n\n\n<div style=\"height:100px\" aria-hidden=\"true\" class=\"wp-block-spacer\"><\/div>\n\n\n\n<h2>Fest<\/h2>\n\n\n\n<p><strong>Wann?<\/strong> 2. Juni 2023, ab 13.00 Uhr &#x1f388;<br><strong>Wo?<\/strong> irgendwo am idyllischen Rhein &#x1f305;<br><strong>Wie?<\/strong> Kitschig &amp; pomp\u00f6s, so wie ihr uns kennt &#x2728;<\/p>\n\n\n\n<p><strong>Dresscode?<\/strong> sommerlich schick und farbenfroh. Schuhe, die auch auf der Wiese geeignet sind.<br>Personen die sich m\u00e4nnlich f\u00fchlen: Gerne kannst du im Hemmli kommen, Anzug finden wir nicht n\u00f6tig.<br>Personen die sich weiblich f\u00fchlen: Gerne kannst du im Sommerkleid, Cocktailkleid oder Bl\u00fcsli kommen, Abendkleid finden wir nicht n\u00f6tig.<\/p>\n\n\n\n<h3>Ablauf<\/h3>\n\n\n\n<p>Hier der detaillierte Ablauf:<\/p>\n\n\n\n<ul>\n<li>ab 13.00 Eintrudeln beim <a href=\"https:\/\/goo.gl\/maps\/MuisRXH7CPPJRSaj9\" target=\"_blank\" rel=\"noreferrer noopener\">Ruderclub in Schaffhausen<\/a>. Die Lokalit\u00e4t erreicht ihr:\n<ul>\n<li>\u00dcber den Bahnhof Feuerthalen und in ca. 15min Fussmarsch (<a href=\"https:\/\/www.sbb.ch\/de\/kaufen\/pages\/fahrplan\/fahrplan.xhtml\" target=\"_blank\" rel=\"noreferrer noopener\">SBB Link mit Destination<\/a>).<\/li>\n\n\n\n<li>Oder mit dem Auto und dieses vor Ort parkieren. <\/li>\n\n\n\n<li>Beim Clubhaus habt ihr die M\u00f6glichkeit alles zu deponieren, was ihr mitgebracht habt und was ihr noch f\u00fcr den Abend ben\u00f6tigt. <\/li>\n<\/ul>\n<\/li>\n\n\n\n<li>13.45 Abfahrt mit dem Car f\u00fcr alle G\u00e4ste<\/li>\n\n\n\n<li>14.00 Zeremonie auf der Wiese &#x1f48d;<\/li>\n\n\n\n<li>15.00 Kurzer Fussmarsch an den Rhein. Hier wartet der erste Imbiss und da haben wir gem\u00fctlich Zeit um miteinander zu plaudern. <\/li>\n\n\n\n<li>Um 16.00 Fahrt mit den Weidlingen \u00fcber den Rhein zur\u00fcck zum Ruderclub. Wir haben gen\u00fcgend Weidlinge zur Verf\u00fcgung und diese werden von erfahrenen Schaffhauser Weidlingfahrer:innen zur\u00fcck zum Ruderclub gerudert. Es hat Schwimmwesten f\u00fcr die Kleinen. Falls jemand nicht auf den Rhein kommen m\u00f6chte kann mit dem Taxi oder dem eigenen Auto zur\u00fcck zum Ruderclub gefahren werden. Dazu meldest du dich am Besten vorher bei uns. <\/li>\n\n\n\n<li>Ab 17.00: Spiele, Apero und Spass haben auf der Wiese vom Ruderclub. Vielleicht auch mit einem Schwumm &#x1f3ca;&#x1f3fc;&#x200d;&#x2640;&#xfe0f;&#x1f3ca;&#x1f3fb;&#x200d;&#x2642;&#xfe0f; im Rhein, nimm also deine Badesachen mit.<\/li>\n\n\n\n<li>Ab 19.00: Festmahl.<\/li>\n\n\n\n<li>Ab 21.00: Spiel, Spass und Tanz. <\/li>\n\n\n\n<li>Wenn deine F\u00fcsse m\u00fcde sind: kannst du dein M\u00e4tteli und Schlafsack auspacken und dich in die Wiese oder das Partyzelt legen und von deiner Hochzeit tr\u00e4umen &#x1f491;.\n<ul>\n<li>Gem\u00fctlich k\u00f6nnt ihr auch auf dem Zeltplatz nebenan oder in einem beliebigen Hotel \u00fcbernachten. Es hat kein Hotel direkt in der N\u00e4he, die Stadt Schaffhausen ist mit dem Taxi gut erreichbar.<\/li>\n<\/ul>\n<\/li>\n\n\n\n<li>Samstag ab 9.00: Brunch f\u00fcr die, die \u00fcbernachtet haben oder sonst Lust haben.<\/li>\n<\/ul>\n\n\n\n<p>Wichtig: Wir w\u00fcrden gerne coole, gemeinsame Spiele mit euch erleben. Dazu k\u00f6nnt ihr eure Ideen und Vorschl\u00e4ge mit unseren Marion und Philip besprechen. <\/p>\n\n\n\n<p><\/p>\n\n\n\n<figure class=\"wp-block-image size-large\"><img decoding=\"async\" loading=\"lazy\" width=\"1024\" height=\"743\" src=\"https:\/\/helen-jonas.ch\/wp-content\/uploads\/2023\/02\/bildli-06-1024x743.png\" alt=\"\" class=\"wp-image-58\" srcset=\"https:\/\/www.helen-jonas.ch\/wp-content\/uploads\/2023\/02\/bildli-06-1024x743.png 1024w, https:\/\/www.helen-jonas.ch\/wp-content\/uploads\/2023\/02\/bildli-06-300x218.png 300w, https:\/\/www.helen-jonas.ch\/wp-content\/uploads\/2023\/02\/bildli-06-768x558.png 768w, https:\/\/www.helen-jonas.ch\/wp-content\/uploads\/2023\/02\/bildli-06.png 1055w\" sizes=\"(max-width: 1024px) 100vw, 1024px\" \/><figcaption class=\"wp-element-caption\">Skitr\u00e4\u00e4ge anstatt Skifahren&#8230; Def\u00fcr h\u00e4ts \u00e4s Holzbett mit Steif\u00fcess vo de Rotondoh\u00fctte g\u00e4h. Die h\u00e4mmer auno m\u00f6sse abetransportiere.<\/figcaption><\/figure>\n\n\n\n<div style=\"height:100px\" aria-hidden=\"true\" class=\"wp-block-spacer\"><\/div>\n\n\n\n<h2>Wunschliste<\/h2>\n\n\n\n<p>Erg\u00e4nzen wir laufend.<\/p>\n\n\n\n<p>Wir sind gl\u00fccklich und zufrieden und freuen uns riiiiesig auf das Fest mit dir. Dies ist Geschenk genug &#x1f49d;. Falls du uns etwas schenken und somit unser Gl\u00fcck potenzieren m\u00f6chtest, haben wir wie jedes kitschige P\u00e4\u00e4rchen eine Wunschliste. Such dir ein Geschenk aus der Liste unten aus, somit kannst du einen Beitrag an unsere Flitterwochen beim Klettern in den Dolomiten und Kajaken in Slowenien leisten. Gerne kannst du den entsprechenden Betrag twinten, \u00fcberweisen oder mitbringen.<\/p>\n\n\n\n<p>Twint: Helen, 079 863 33 14<\/p>\n\n\n\n<p>IBAN Jonas: CH96 0025 7257 6124 3540 J<\/p>\n\n\n\n\n\n<figure class=\"wp-block-image size-large\"><img decoding=\"async\" loading=\"lazy\" width=\"1024\" height=\"743\" src=\"https:\/\/helen-jonas.ch\/wp-content\/uploads\/2023\/02\/bildli-05-1024x743.png\" alt=\"\" class=\"wp-image-57\" srcset=\"https:\/\/www.helen-jonas.ch\/wp-content\/uploads\/2023\/02\/bildli-05-1024x743.png 1024w, https:\/\/www.helen-jonas.ch\/wp-content\/uploads\/2023\/02\/bildli-05-300x218.png 300w, https:\/\/www.helen-jonas.ch\/wp-content\/uploads\/2023\/02\/bildli-05-768x558.png 768w, https:\/\/www.helen-jonas.ch\/wp-content\/uploads\/2023\/02\/bildli-05.png 1055w\" sizes=\"(max-width: 1024px) 100vw, 1024px\" \/><figcaption class=\"wp-element-caption\">Skitoure in Norwege isch halt scho es Highlight f\u00fcr \u00fcs.<\/figcaption><\/figure>\n\n\n\n<div style=\"height:15px\" aria-hidden=\"true\" class=\"wp-block-spacer\"><\/div>\n\n\n\n<div style=\"height:100px\" aria-hidden=\"true\" class=\"wp-block-spacer\"><\/div>\n\n\n\n<figure class=\"wp-block-image size-large\"><img decoding=\"async\" loading=\"lazy\" width=\"1024\" height=\"743\" src=\"https:\/\/helen-jonas.ch\/wp-content\/uploads\/2023\/02\/bildli-02-1024x743.png\" alt=\"\" class=\"wp-image-55\" srcset=\"https:\/\/www.helen-jonas.ch\/wp-content\/uploads\/2023\/02\/bildli-02-1024x743.png 1024w, https:\/\/www.helen-jonas.ch\/wp-content\/uploads\/2023\/02\/bildli-02-300x218.png 300w, https:\/\/www.helen-jonas.ch\/wp-content\/uploads\/2023\/02\/bildli-02-768x557.png 768w, https:\/\/www.helen-jonas.ch\/wp-content\/uploads\/2023\/02\/bildli-02.png 1056w\" sizes=\"(max-width: 1024px) 100vw, 1024px\" \/><\/figure>\n\n\n\n<h3 class=\"has-text-align-center\">Marion &#8211; Best Girl<\/h3>\n\n\n\n<p class=\"has-text-align-center\">marion@helen-jonas.ch<\/p>\n\n\n\n<ul>\n<li>Woher wir uns kennen: vom Parkour an der ETH, also eigentlich vom Training davor, dem Bierli und den dummen Spr\u00fcchen danach.<\/li>\n\n\n\n<li>Warum wir immer noch befreundet sind: weil wir nach dem Parkour das Klettern als neues Hobby entdeckt haben und so auch alle weiteren Bergsportarten. Wenn wir endlich Zeit miteinander  finden, entdeckt ihr uns am ehesten irgendwo in einer Boulderhalle, an einer Granit-Wand oder, wenn ich Marion \u00fcberreden kann, auch mal im Kalk.<\/li>\n\n\n\n<li>Wie wir uns gegenseitig aushalten: mit Momos und Nico&#8217;s Drinks (den einzigen Alkohol den Helen mag).<\/li>\n\n\n\n<li>Sonstige wichtige Merkmale: \n\n\n\n\n\n\n\n\n\n\n\n\n\n\n\n\n\n\n\n\n\n\n\n\n\n\n\n\n\n\n\n\n\n\n<ul>\n<li>Gr\u00f6sse: gr\u00f6sser als Helen<\/li>\n<\/ul>\n\n\n\n<ul>\n<li>Augenfarbe: glaub braun oder blaugrau?<\/li>\n\n\n\n<li>Erstellte Skidesigns: die Sch\u00f6nsten, n\u00e4mlich Helen&#8217;s T\u00f6di- &amp; Zervreilahornski &#x1f60d;<\/li>\n<\/ul>\n<\/li>\n<\/ul>\n\n\n\n<div style=\"height:100px\" aria-hidden=\"true\" class=\"wp-block-spacer\"><\/div>\n\n\n\n<figure class=\"wp-block-image size-large\"><img decoding=\"async\" loading=\"lazy\" width=\"1024\" height=\"743\" src=\"https:\/\/helen-jonas.ch\/wp-content\/uploads\/2023\/02\/bildli-01-1024x743.png\" alt=\"\" class=\"wp-image-54\" srcset=\"https:\/\/www.helen-jonas.ch\/wp-content\/uploads\/2023\/02\/bildli-01-1024x743.png 1024w, https:\/\/www.helen-jonas.ch\/wp-content\/uploads\/2023\/02\/bildli-01-300x218.png 300w, https:\/\/www.helen-jonas.ch\/wp-content\/uploads\/2023\/02\/bildli-01-768x558.png 768w, https:\/\/www.helen-jonas.ch\/wp-content\/uploads\/2023\/02\/bildli-01.png 1055w\" sizes=\"(max-width: 1024px) 100vw, 1024px\" \/><\/figure>\n\n\n\n<h3 class=\"has-text-align-center\">Philip &#8211; Best Boy<\/h3>\n\n\n\n<p class=\"has-text-align-center\">philip@helen-jonas.ch<\/p>\n\n\n\n<ul>\n<li>Woher wir uns kennen: urspr\u00fcnglich vom Skibauworkshop an der ETH Z\u00fcrich.<\/li>\n\n\n\n<li>Warum wir immer noch befreundet sind: wegen den unz\u00e4hligen gemeinsamen Missgeschicken in der Skibauwerkstatt und den vielen Powderabfahrten und all den tiefgr\u00fcndigen Gespr\u00e4chen \u00fcber Lebensziele, Konflikte, Vorlieben beim Sex und der \u00fcblichen Gossip.<\/li>\n\n\n\n<li>Wie wir uns gegenseitig aushalten: mit D\u00f6ner und wenig Worten.<\/li>\n\n\n\n<li>Sonstige wichtige Merkmale:\n\n\n\n\n\n\n\n\n\n\n\n\n\n\n\n\n\n\n\n\n\n\n\n\n\n\n\n\n\n\n\n\n\n\n\n\n\n\n\n\n\n\n\n\n\n\n\n\n\n\n\n\n\n\n<ul>\n<li>Gr\u00f6sse: gr\u00f6sser als sein Ski<\/li>\n<\/ul>\n\n\n\n<ul>\n<li>Augenfarbe: etwas zwischen Himmelblau und Giftgr\u00fcn<\/li>\n\n\n\n<li>Erstellte Skidesigns: Auch ein T\u00f6di, mit bemerkenswerter \u00c4hnlichkeit.<\/li>\n<\/ul>\n<\/li>\n<\/ul>\n\n\n\n<div style=\"height:100px\" aria-hidden=\"true\" class=\"wp-block-spacer\"><\/div>\n\n\n\n<figure class=\"wp-block-image size-large\"><img decoding=\"async\" loading=\"lazy\" width=\"1024\" height=\"744\" src=\"https:\/\/helen-jonas.ch\/wp-content\/uploads\/2023\/02\/bildli-04-1024x744.png\" alt=\"\" class=\"wp-image-56\" srcset=\"https:\/\/www.helen-jonas.ch\/wp-content\/uploads\/2023\/02\/bildli-04-1024x744.png 1024w, https:\/\/www.helen-jonas.ch\/wp-content\/uploads\/2023\/02\/bildli-04-300x218.png 300w, https:\/\/www.helen-jonas.ch\/wp-content\/uploads\/2023\/02\/bildli-04-768x558.png 768w, https:\/\/www.helen-jonas.ch\/wp-content\/uploads\/2023\/02\/bildli-04.png 1055w\" sizes=\"(max-width: 1024px) 100vw, 1024px\" \/><figcaption class=\"wp-element-caption\">Immer no verliebt durchschriitemer d Greina Ebene mitem Verein Mountainscouts. Tschau zeme, bis glii im Juni. Und jetzt muesch dringend und schnellstm\u00f6glich \u00e4 Anekdote schriibe. Los goht&#8217;s!&#x1f680;<\/figcaption><\/figure>\n","protected":false},"excerpt":{"rendered":"<p>Frisch verlobt und immer no gliich verliebt &#x1f495; uf de Maies\u00e4ss oberhalb vo Somvix. \u00dcbrigens isch das au d\u00f6t wo mir vor dr\u00fc Johr z\u00e4m\u00e4cho sind. Wir heiraten &#x1f48d; dich\u2026 \u00e4h\u2026 mit dir\u2026 \u00e4h\u2026 schaut einfach zu\u2026 \u00e4h\u2026 was auch immer: du bist herzlich eingeladen! &#x1f389; \u00dcber uns Du kennst uns ja bereits, sonst w\u00e4rst&hellip; <a class=\"more-link\" href=\"https:\/\/www.helen-jonas.ch\/\"><span class=\"screen-reader-text\">Ohne Titel<\/span> weiterlesen<\/a><\/p>\n","protected":false},"author":1,"featured_media":53,"parent":0,"menu_order":0,"comment_status":"open","ping_status":"closed","template":"","meta":[],"_links":{"self":[{"href":"https:\/\/www.helen-jonas.ch\/index.php?rest_route=\/wp\/v2\/pages\/2"}],"collection":[{"href":"https:\/\/www.helen-jonas.ch\/index.php?rest_route=\/wp\/v2\/pages"}],"about":[{"href":"https:\/\/www.helen-jonas.ch\/index.php?rest_route=\/wp\/v2\/types\/page"}],"author":[{"embeddable":true,"href":"https:\/\/www.helen-jonas.ch\/index.php?rest_route=\/wp\/v2\/users\/1"}],"replies":[{"embeddable":true,"href":"https:\/\/www.helen-jonas.ch\/index.php?rest_route=%2Fwp%2Fv2%2Fcomments&post=2"}],"version-history":[{"count":75,"href":"https:\/\/www.helen-jonas.ch\/index.php?rest_route=\/wp\/v2\/pages\/2\/revisions"}],"predecessor-version":[{"id":194,"href":"https:\/\/www.helen-jonas.ch\/index.php?rest_route=\/wp\/v2\/pages\/2\/revisions\/194"}],"wp:featuredmedia":[{"embeddable":true,"href":"https:\/\/www.helen-jonas.ch\/index.php?rest_route=\/wp\/v2\/media\/53"}],"wp:attachment":[{"href":"https:\/\/www.helen-jonas.ch\/index.php?rest_route=%2Fwp%2Fv2%2Fmedia&parent=2"}],"curies":[{"name":"wp","href":"https:\/\/api.w.org\/{rel}","templated":true}]}}